{"id":42,"date":"2024-03-04T09:54:03","date_gmt":"2024-03-04T09:54:03","guid":{"rendered":"http:\/\/193.194.89.189\/lins_wp\/?page_id=42"},"modified":"2025-01-26T12:05:16","modified_gmt":"2025-01-26T12:05:16","slug":"equipe-systemes-radio-frequences-et-microondes","status":"publish","type":"page","link":"https:\/\/lins.usthb.dz\/index.php\/equipe-systemes-radio-frequences-et-microondes\/","title":{"rendered":"\u00c9quipe Syst\u00e8mes Radio Fr\u00e9quences et Microondes"},"content":{"rendered":"\n<p><strong>&nbsp;RESPONSABLE DE L\u2019EQUIPE <\/strong>SRFM<\/p>\n\n\n\n<p><a href=\"http:\/\/193.194.89.126\/lins\/spip.php?article28\"><strong>TOUHAMI Rachida<\/strong><\/a><\/p>\n\n\n\n<p>Professeur en Electronique&nbsp;<\/p>\n\n\n\n<p><strong>&nbsp;EQUIPE <\/strong>SRFM<strong>&nbsp;: <\/strong>Syst\u00e8mes RF et Microondes<\/p>\n\n\n\n<p>L\u2019\u00e9quipe SRFM (Syst\u00e8mes RF et Microondes) s\u2019int\u00e9resse aux nouveaux dispositifs, syst\u00e8mes et microsyst\u00e8mes de communication li\u00e9s \u00e0 la mont\u00e9e en fr\u00e9quence pour les applications en t\u00e9l\u00e9communications afin de s\u2019affranchir de l\u2019encombrement spectral qui existe aujourd\u2019hui aux fr\u00e9quences RF et micro-ondes. L\u2019\u00e9quipe s\u2019est orient\u00e9e aussi bien vers les probl\u00e9matiques technologiques&nbsp;que les concepts de formalisme dans le domaine de la mod\u00e9lisation.&nbsp;<\/p>\n\n\n\n<p><strong>&nbsp;THEMES DE RECHERCHES<\/strong><\/p>\n\n\n\n<p>&#8211;&nbsp;Contribuer \u00e0 d\u00e9velopper des syst\u00e8mes et microsyst\u00e8mes RF et Microondes dans le domaine des communications sans fil pour des r\u00e9seaux WLAN et WPAN,<\/p>\n\n\n\n<p>&#8211;&nbsp;Contribuer \u00e0 d\u00e9velopper des antennes pour des applications m\u00e9dicales,<\/p>\n\n\n\n<p>&#8211;&nbsp;D\u00e9veloppement de syst\u00e8mes d\u2019identification RFID,<\/p>\n\n\n\n<p>&#8211;&nbsp;Etude des antennes \u00e0 base de m\u00e9ta mat\u00e9riaux,<\/p>\n\n\n\n<p>&#8211;&nbsp;Impl\u00e9mentation d\u2019algorithmes de traitement des signaux sur circuit FPGA pour les syst\u00e8mes de communication sans fil,<\/p>\n\n\n\n<p>&#8211;&nbsp;Conception d\u2019antenne et amplificateur \u00e0 gain fort pour des applications indoor WPAN,<\/p>\n\n\n\n<p>&#8211;&nbsp;Conception de circuit en UWB pour des applications de d\u00e9tection de gaz.<\/p>\n\n\n\n<p><strong>&nbsp;COMPOSITION DE L\u2019EQUIPE <\/strong>SRFM<\/p>\n\n\n\n<figure class=\"wp-block-table\"><table><tbody><tr><td><strong>Membres Permanents<\/strong><\/td><td><strong>Membres Doctorants<\/strong><\/td><td><strong>Membres en Magister<\/strong><\/td><\/tr><tr><td><strong>&nbsp;TOUHAMI&nbsp;Rachida<\/strong><\/td><td>Prof.<\/td><td>&nbsp;OUNAS Mouloud (Magister)<\/td><td>&nbsp;ZAAMIA Zakaria (Master)<\/td><\/tr><tr><td><strong>&nbsp;GAOUA&nbsp;Sa\u00efd<\/strong><\/td><td>MCB<\/td><td>&nbsp;LABANDJI Samy (Magister)<\/td><td>&nbsp;ABBOU Djamel (Master)<\/td><\/tr><tr><td><strong>&nbsp;HALHEIT Houda<\/strong><\/td><td>MAA<\/td><td>&nbsp;SAADI Hadjer (Magister)<\/td><td>&nbsp;ZAIBET Imene (Master)<\/td><\/tr><tr><td><strong>&nbsp;KHODJA Abdelhamid<\/strong><\/td><td>MAA<\/td><td>&nbsp;MAAFRI Djaber (Magister)<\/td><td>&nbsp;HAMANI Abdelaziz (Master)<\/td><\/tr><\/tbody><\/table><\/figure>\n\n\n\n<ul>\n<li><strong><a href=\"http:\/\/193.194.89.126\/lins\/spip.php?article28\">Publication_SRFM<\/a><\/strong><br><small>18 avril 2010, par Mr.&nbsp;Atari<\/small> USTHB&nbsp;: Faculty of Electronics and Computers BO.Box&nbsp;: 32, Bab-Ezzouar, 16111, Algiers, Algeria. Email&nbsp;: rtouhami@yahoo.fr BIOGRAPHIE Francais&nbsp;: Rachida Touhami est n\u00e9 en 1961 \u00e0 Alger, Alg\u00e9rie. Elle obtient le Dipl\u00f4me d\u2019Ing\u00e9nieur en Electronique puis le Magister en Micro\u00e9lectronique respectivement en 1985 et 1989 de l\u2019Ecole Nationale Polytechniques (ENP). Apr\u00e8s des ann\u00e9es de recherche consacr\u00e9es \u00e0 la mod\u00e9lisation de structures submicroniques MOS, elle obtient le dipl\u00f4me de Docteur d\u2019Etat (D.Sc) en&nbsp;(&#8230;)<\/li>\n<\/ul>\n","protected":false},"excerpt":{"rendered":"<p>&nbsp;RESPONSABLE DE L\u2019EQUIPE SRFM TOUHAMI Rachida Professeur en Electronique&nbsp; &nbsp;EQUIPE SRFM&nbsp;: Syst\u00e8mes RF et Microondes L\u2019\u00e9quipe SRFM (Syst\u00e8mes RF et Microondes) s\u2019int\u00e9resse aux nouveaux dispositifs, syst\u00e8mes et microsyst\u00e8mes de communication li\u00e9s \u00e0 la mont\u00e9e en fr\u00e9quence pour les applications en <span class=\"readmore\"><a href=\"https:\/\/lins.usthb.dz\/index.php\/equipe-systemes-radio-frequences-et-microondes\/\">Continue Reading<\/a><\/span><\/p>\n","protected":false},"author":1,"featured_media":104,"parent":0,"menu_order":0,"comment_status":"closed","ping_status":"closed","template":"","meta":[],"_links":{"self":[{"href":"https:\/\/lins.usthb.dz\/index.php\/wp-json\/wp\/v2\/pages\/42"}],"collection":[{"href":"https:\/\/lins.usthb.dz\/index.php\/wp-json\/wp\/v2\/pages"}],"about":[{"href":"https:\/\/lins.usthb.dz\/index.php\/wp-json\/wp\/v2\/types\/page"}],"author":[{"embeddable":true,"href":"https:\/\/lins.usthb.dz\/index.php\/wp-json\/wp\/v2\/users\/1"}],"replies":[{"embeddable":true,"href":"https:\/\/lins.usthb.dz\/index.php\/wp-json\/wp\/v2\/comments?post=42"}],"version-history":[{"count":3,"href":"https:\/\/lins.usthb.dz\/index.php\/wp-json\/wp\/v2\/pages\/42\/revisions"}],"predecessor-version":[{"id":117,"href":"https:\/\/lins.usthb.dz\/index.php\/wp-json\/wp\/v2\/pages\/42\/revisions\/117"}],"wp:featuredmedia":[{"embeddable":true,"href":"https:\/\/lins.usthb.dz\/index.php\/wp-json\/wp\/v2\/media\/104"}],"wp:attachment":[{"href":"https:\/\/lins.usthb.dz\/index.php\/wp-json\/wp\/v2\/media?parent=42"}],"curies":[{"name":"wp","href":"https:\/\/api.w.org\/{rel}","templated":true}]}}